{"id":9,"date":"2024-02-27T23:15:33","date_gmt":"2024-02-27T23:15:33","guid":{"rendered":"https:\/\/mytarjeta.com.mx\/hamilton\/?page_id=9"},"modified":"2024-05-17T23:48:23","modified_gmt":"2024-05-17T23:48:23","slug":"admisiones","status":"publish","type":"page","link":"https:\/\/mytarjeta.com.mx\/hamilton\/admisiones\/","title":{"rendered":"ADMISIONES"},"content":{"rendered":"<div class=\"titulo-underline\">\n<h2 animation=\"underline\">DESARROLLA SU <span class=\"animation-underline-yellow\">POTENCIAL<\/span><\/h2>\n<\/div>\n<div class=\"parrafo\">\n<span class=\"animation-underline-yellow\">Nuestra metodolog\u00eda avanzada y cultura acad\u00e9mica apoyan al<\/span><br \/>\n<span class=\"animation-underline-yellow\">estudiante en todos los aspectos<\/span> (intelecto, emociones y formaci\u00f3n de car\u00e1cter), prepar\u00e1ndolos de la manera m\u00e1s completa para cuando emprendan su camino de vida.\n<\/div>\n","protected":false},"excerpt":{"rendered":"<p>DESARROLLA SU POTENCIAL Nuestra metodolog\u00eda avanzada y cultura acad\u00e9mica apoyan al estudiante en todos los aspectos (intelecto, emociones y formaci\u00f3n de car\u00e1cter), prepar\u00e1ndolos de la manera m\u00e1s completa para cuando emprendan su camino de vida.<\/p>\n","protected":false},"author":1,"featured_media":266,"parent":0,"menu_order":0,"comment_status":"closed","ping_status":"closed","template":"page-admisiones.php","meta":{"_acf_changed":false,"footnotes":""},"class_list":["post-9","page","type-page","status-publish","has-post-thumbnail","hentry"],"acf":[],"_links":{"self":[{"href":"https:\/\/mytarjeta.com.mx\/hamilton\/wp-json\/wp\/v2\/pages\/9","targetHints":{"allow":["GET"]}}],"collection":[{"href":"https:\/\/mytarjeta.com.mx\/hamilton\/wp-json\/wp\/v2\/pages"}],"about":[{"href":"https:\/\/mytarjeta.com.mx\/hamilton\/wp-json\/wp\/v2\/types\/page"}],"author":[{"embeddable":true,"href":"https:\/\/mytarjeta.com.mx\/hamilton\/wp-json\/wp\/v2\/users\/1"}],"replies":[{"embeddable":true,"href":"https:\/\/mytarjeta.com.mx\/hamilton\/wp-json\/wp\/v2\/comments?post=9"}],"version-history":[{"count":17,"href":"https:\/\/mytarjeta.com.mx\/hamilton\/wp-json\/wp\/v2\/pages\/9\/revisions"}],"predecessor-version":[{"id":934,"href":"https:\/\/mytarjeta.com.mx\/hamilton\/wp-json\/wp\/v2\/pages\/9\/revisions\/934"}],"wp:featuredmedia":[{"embeddable":true,"href":"https:\/\/mytarjeta.com.mx\/hamilton\/wp-json\/wp\/v2\/media\/266"}],"wp:attachment":[{"href":"https:\/\/mytarjeta.com.mx\/hamilton\/wp-json\/wp\/v2\/media?parent=9"}],"curies":[{"name":"wp","href":"https:\/\/api.w.org\/{rel}","templated":true}]}}